- -52. Suppose 0 = -2*x + 4*u + z + 118, 3*x - 172 = -u. What is the tens digit of x?
5
Suppose -c = 5*c + 4980. Let p = -461 - c. What is the tens digit of p?
6
Let q be 4/6 - (-51210)/54. Suppose 7*k - 11476 - q = 0. What is the tens digit of k?
7
Let b(h) = h**3 - 7*h**2 - 20*h + 12. Let k be b(9). What is the tens digit of (-360)/21*(279/k + 1)?
8
Let k(g) = g**3 - 38*g**2 - 55*g - 121. Let c be k(40). Suppose -5*d - 3641 = -3*v - c, -4*v - 3*d = -3644. What is the units digit of v?
4
Let h be (4/(-5))/(1463/(-1470) + 1). Let c = 61 - h. What is the hundreds digit of c?
2
Let s be (900/8)/9*-2. Let o be 15/s + (-3)/(-5). Suppose 9*t - 2*t - 504 = o. What is the tens digit of t?
7
Let v be (-29 - 6/(-3))*1. Let k = 32 + v. Suppose k*f + 263 = 3*g, -2*f = -3*g - 0*f + 260. What is the tens digit of g?
8
Suppose 3*o + 20 = n, 4*n + 10 = 8*n + 2*o. Suppose 0 = -l - n*b - 147, 3*l - 2*b + 377 = -b. Let q = l - -246. What is the tens digit of q?
1
Suppose 14851 = 14*n + 14445. Suppose 3*c - 67 = i + 11, -5*c + 5*i + 130 = 0. Let d = n + c. What is the tens digit of d?
5
Let l(v) = 543*v + v**3 - 547*v - 3*v**2 - 6*v**3. Let o be l(-4). Suppose 62 = 5*y + 4*c - o, -4*y - 2*c + 286 = 0. What is the units digit of y?
4
Suppose h - 603 = -3*t + 320, 4*t = -16. Let m = -553 + h. What is the hundreds digit of m?
3
Let n(p) be the second derivative of 3*p**3/2 + 21*p**2 + 246*p - 1. Let f(s) = s**3 - 8*s**2 - 10*s + 9. Let b be f(9). What is the tens digit of n(b)?
4
Suppose -4*v = -19*v + 80250. What is the tens digit of v?
5
Suppose -5*l + m = -7, 3*l + 4*m = m + 15. Suppose -3*u - 5*p - 8 = -5*u, 9 = -5*u - l*p. What is the tens digit of (896/20)/(u/(-1 + -4))?
2
Let j = -3523 - -18181. What is the tens digit of j?
5
Let y(d) = 4*d + 34. Let w(g) = -g**2 + 5*g - 10. Let q be w(6). Let z be y(q). What is the tens digit of 234/8 + z/(-40)?
3
Suppose -2*k - 27 = -k. Let i = -22 - k. Suppose 2*q + 160 = 2*l, i*l - 269 = 2*q + 122. What is the units digit of l?
7
Suppose -23*s - d = -19*s - 16775, 2*d = -5*s + 20965. Suppose g = 4*p - s, 5*g - 345 = -p + 688. What is the hundreds digit of p?
0
Let h be (-4)/(-1) + -2 + 1 + 0. What is the tens digit of h + -6 + -6 + (659 - 1)?
4
What is the hundreds digit of ((-120)/(-360))/(2/56346)?
3
Let c be 5 + 1 + (-12 - (-7 - 2)). Suppose m = -2*k + 152, -4*k + 115 + 209 = -c*m. What is the units digit of k?
8
Let c(t) = -16*t**3 + t**3 + 2 + 2*t + 0*t**3 - 2*t**2. Let x(v) = -v**2 + 8*v - 17. Let q be x(5). What is the hundreds digit of c(q)?
1
Let j be (-4)/14 - 2418/651. Let q(v) be the second derivative of v**4/4 - v**3/6 + v**2 - 2*v. What is the tens digit of q(j)?
5
Let m = 49526 - 27992. What is the tens digit of m?
3
Let w(z) = -3*z**3 + 2*z**2 - 9*z - 17. Let t be w(-4). Let v = t + -30. Suppose d - v = -51. What is the tens digit of d?
6
What is the tens digit of 105/63 + 171486/27?
5
Let m(r) = 186*r - 20. Suppose 6 = -14*k + 17*k. What is the units digit of m(k)?
2
Suppose 13*x - 25584 = 55666. What is the thousands digit of x?
6
Suppose -6*z - 108 = -0*z. Let f be (-94)/z - (-6)/(-27). Suppose 6*u + 5*t - 304 = 3*u, -u - f*t = -108. What is the units digit of u?
8
Let a(w) = -w**3 + 18*w**2 - 14*w - 12. Let l be a(17). Suppose -s + 6*s = 110. Let j = l + s. What is the tens digit of j?
6
Suppose -13*j = -49937 - 124354. What is the thousands digit of j?
3
Let g(p) = 75*p**2 - 16*p - 33. Let j be g(-2). Let d = j - -429. What is the units digit of d?
8
Let s = 1659 - 1184. Let b = s - 321. Suppose o - b = -o. What is the units digit of o?
7
What is the units digit of 2 - -78430 - (-43 + 38)?
7
Let q = 2682 + -885. What is the tens digit of q?
9
Suppose 0 = 4*c + 4*r - 40, 10*c + r = 12*c - 5. Suppose 5*v - 1287 = c*s - 7*s, s + 4*v = 648. What is the units digit of s?
6
Suppose 5*t + 22235 = -2*i + 65443, 4*t - 2*i - 34588 = 0. What is the tens digit of t?
4
Suppose 4*b + 18147 = c - 8551, 2*c - 53340 = b. What is the tens digit of c?
6
Let x be (-888)/36 - (-1)/(-3). Let b = 189 - 157. Let h = x + b. What is the units digit of h?
7
Suppose 0 = -21*k - 27620 + 243080. Suppose k = -5*h + 14*h. What is the hundreds digit of h?
1
Let l(r) = -14*r + 127*r**2 + 17 - 126*r**2 - 5. Let w be l(10). What is the units digit of ((-42)/w)/((-3)/(-88))?
4
Let r(j) = -53*j - 1. Let z be r(-1). Let c = z + -44. Suppose c*y - 16 = 7*y. What is the units digit of y?
6
Let h(w) = -33*w + 142. Suppose -3*y + 8*y = 3*a - 105, -21 = y + 5*a. What is the hundreds digit of h(y)?
8
Suppose 0 = -10*l + 7 + 73. Suppose 15317 = l*p - 931. What is the thousands digit of p?
2
Suppose -2*q - 6 = 0, x - 1 = -x + 3*q. Let y be ((-3)/((-6)/x))/1 + 9. Suppose -y = -3*h + 209. What is the units digit of h?
2
Let f(o) = -o**3 + 20*o**2 - 20*o + 25. Let m be f(19). Suppose 3*k - m*w - 2745 = -9*w, 5*k - w = 4599. What is the tens digit of k?
1
Let k = 2434 - 519. Suppose -2*u - 3*m = -k, -3*u + m = -2599 - 257. What is the hundreds digit of u?
9
Suppose 744*j = 716*j + 364392. What is the ten thousands digit of j?
1
Let g(o) = o**2 + 2*o - 3 + 10*o**2 + 7*o**2 + 10*o**2. Let q be g(3). Suppose 5*u = q + 560. What is the tens digit of u?
6
Let v(x) = 3*x**3 - 33*x**2 + 61*x + 118. What is the ten thousands digit of v(22)?
1
Let p(v) = -5*v. Let n be p(-3). Let w be 4457/n - (-8)/60*-1. Let f = -136 + w. What is the tens digit of f?
6
Let m = 1124 - 1116. Suppose -4*t - 2 = 2*d, 1 = 2*t + 2*d + d. Let u = t + m. What is the units digit of u?
7
Let m(f) = -10*f**3 - 11*f**2 + 68*f + 573. What is the thousands digit of m(-11)?
1
Let v(u) = -u**2 - 2*u - 1. Let y be v(-4). Let r = 777 - 673. Let n = r - y. What is the units digit of n?
3
What is the tens digit of 22706 - ((-45)/(-20) - 72/32)?
0
Let j(p) = -p**3 - 10*p**2 - 9*p + 9. Let q be j(-9). Let a be q/(-6)*(-52)/(-2). Let v = 85 - a. What is the units digit of v?
4
Let u(r) = -7*r**3 - 38*r**2 + 74*r + 288. What is the units digit of u(-22)?
4
Suppose 9*o - 698395 = 4*h, -6*h = 2*o - 8*h - 155190. What is the units digit of o?
3
Let r(l) = l**2 + l + 2. Let z(g) = -g + 1. Let q(h) = -r(h) - 6*z(h). Let a be q(3). What is the units digit of (-4)/8*(-176 + a)?
9
Suppose b + 2 = 0, 3*n = -n + 2*b + 12. Suppose -66 = -w - 2*j, n*w + 4*j = -j + 131. Suppose -16*k + 17*k = w. What is the units digit of k?
8
Let q = 24975 + -16537. What is the tens digit of q?
3
Suppose -j = -i + 1190, -22*i + 1198 = -21*i - 5*j. What is the units digit of i?
8
Let v be (-1)/(-2) + -6 + (-86924)/8. What is the hundreds digit of (8/10)/(v/10885 + 1)?
6
Suppose 4*s - 3322 - 4062 = 0. What is the hundreds digit of s?
8
Let k(x) = 12*x**2 + 10*x - 38. What is the ten thousands digit of k(-30)?
1
Let q = 8724 - 2310. What is the tens digit of q?
1
Let m = -103 + 107. What is the units digit of 4/(4/943) - m?
9
Let o(j) = -10 + 136*j**2 + 11 + 9*j + 10. Let d be o(-5). Suppose 13*w - 31*w = -d. What is the units digit of w?
7
Suppose -g - 5*h = -15, 2*g = -0*g + 4*h + 2. Suppose -g*k - j + 2164 = 0, j - 1 = 3. What is the hundreds digit of k?
4
Let h(b) = -74*b**3 + 4. Let r be h(-3). Suppose -5*c + 0*q - 2*q = -r, -5*q = -5. What is the hundreds digit of c?
4
Suppose -11088 = -96*l + 14640. Suppose w = -4*w. Suppose w = 3*d + 2*j - l, 0 = -5*j + 8 - 28. What is the units digit of d?
2
Suppose 0 = -3*w + 4*a + 20894, -w + 3*w - 5*a - 13927 = 0. What is the tens digit of w?
6
Let l(d) = 3*d**3 + 30*d**2 - 27*d - 22. Let b be l(-11). What is the hundreds digit of (b/(-16))/((-1)/(-180))?
9
Let t = 9021 - -14279. What is the thousands digit of t?
3
Suppose 2*g - 6170 = -22*x + 18*x, x - 1574 = 4*g. What is the tens digit of x?
4
Let y(m) = 78*m**3 + 8*m - 1 - m**2 - 5*m + 3*m**2 + 2. Let l be y(-1). What is the units digit of 1*(l/8)/((-5)/140)?
3
Suppose -2*g = 4*l - 384, 3*g - 3*l - 761 + 221 = 0. Let f = 67 + g. What is the tens digit of f?
5
Suppose -1194 = -14*v + 11*v. Let x = 10 + v. What is the hundreds digit of x?
4
What is the hundreds digit of (3 - 34/12)*-3*-16980?
4
Let w(v) = 100*v + 2953. What is the tens digit of w(-7)?
5
Suppose -18*t + 2*g + 23554 = -16*t, 5*g - 15 = 0. What is the ten thousands digit of t?
1
Let v(h) = 67*h**2 + 9*h + 8. Let c be v(-2). Suppose 5*r = 5*o - 285, 5*o = -15*r + 11